{"id":13,"date":"2018-04-16T08:50:09","date_gmt":"2018-04-16T11:50:09","guid":{"rendered":"http:\/\/localhost\/base\/sitenovo\/?page_id=13"},"modified":"2022-05-06T16:00:04","modified_gmt":"2022-05-06T19:00:04","slug":"quem-somos","status":"publish","type":"page","link":"https:\/\/www.institutoergos.com.br\/site\/quem-somos\/","title":{"rendered":"Quem somos"},"content":{"rendered":"<p>O Instituto tem por miss\u00e3o o desenvolvimento e implementa\u00e7\u00e3o de tr\u00eas pilares fundamentais, em parceria com redes de ensino p\u00fablicas e privadas:<\/p>\n<ul>\n<li>Gest\u00e3o escolar, com foco no alinhamento entre quest\u00f5es administrativas e pedag\u00f3gicas;<\/li>\n<li>Utiliza\u00e7\u00e3o de &#8220;Avalia\u00e7\u00f5es Diagn\u00f3sticas <em>online&#8221;<\/em> como instrumento de aperfei\u00e7oamento do processo de ensino e aprendizagem nas escolas;<\/li>\n<li>Promo\u00e7\u00e3o da sa\u00fade mental de docentes e gestores, por meio de forma\u00e7\u00f5es continuadas em servi\u00e7o, estruturadas especificamente para esse prop\u00f3sito.<\/li>\n<\/ul>\n<p>\u00c9 na jun\u00e7\u00e3o coordenada dos pilares acima mencionados que concretizamos nossa miss\u00e3o. O Instituto ERGOS, aliado \u00e0 experi\u00eancia dos seus colaboradores, prop\u00f5e uma nova forma de implantar projetos educacionais, tanto na educa\u00e7\u00e3o b\u00e1sica como no ensino superior, alicer\u00e7ada em uma tecnologia educacional aderente \u00e0s necessidades das organiza\u00e7\u00f5es parceiras.<\/p>\n","protected":false},"excerpt":{"rendered":"<p>O Instituto tem por miss\u00e3o o desenvolvimento e implementa\u00e7\u00e3o de tr\u00eas pilares fundamentais, em parceria com redes de ensino p\u00fablicas e privadas: Gest\u00e3o escolar, com foco no alinhamento entre quest\u00f5es administrativas e pedag\u00f3gicas; Utiliza\u00e7\u00e3o de &#8220;Avalia\u00e7\u00f5es Diagn\u00f3sticas online&#8221; como instrumento de aperfei\u00e7oamento do processo de ensino e aprendizagem nas escolas; Promo\u00e7\u00e3o da sa\u00fade mental de &hellip; <a href=\"https:\/\/www.institutoergos.com.br\/site\/quem-somos\/\">Continua<\/a><\/p>\n","protected":false},"author":2,"featured_media":0,"parent":0,"menu_order":0,"comment_status":"closed","ping_status":"closed","template":"page-padrao.php","meta":{"footnotes":""},"acf":[],"yoast_head":"<!-- This site is optimized with the Yoast SEO plugin v22.9 - https:\/\/yoast.com\/wordpress\/plugins\/seo\/ -->\n<title>Quem somos - Instituto Ergos<\/title>\n<meta name=\"robots\" content=\"index, follow, max-snippet:-1, max-image-preview:large, max-video-preview:-1\" \/>\n<link rel=\"canonical\" href=\"https:\/\/www.institutoergos.com.br\/site\/quem-somos\/\" \/>\n<meta property=\"og:locale\" content=\"pt_BR\" \/>\n<meta property=\"og:type\" content=\"article\" \/>\n<meta property=\"og:title\" content=\"Quem somos - Instituto Ergos\" \/>\n<meta property=\"og:description\" content=\"O Instituto tem por miss\u00e3o o desenvolvimento e implementa\u00e7\u00e3o de tr\u00eas pilares fundamentais, em parceria com redes de ensino p\u00fablicas e privadas: Gest\u00e3o escolar, com foco no alinhamento entre quest\u00f5es administrativas e pedag\u00f3gicas; Utiliza\u00e7\u00e3o de &#8220;Avalia\u00e7\u00f5es Diagn\u00f3sticas online&#8221; como instrumento de aperfei\u00e7oamento do processo de ensino e aprendizagem nas escolas; Promo\u00e7\u00e3o da sa\u00fade mental de &hellip; Continua\" \/>\n<meta property=\"og:url\" content=\"https:\/\/www.institutoergos.com.br\/site\/quem-somos\/\" \/>\n<meta property=\"og:site_name\" content=\"Instituto Ergos\" \/>\n<meta property=\"article:publisher\" content=\"https:\/\/www.facebook.com\/institutoergos\" \/>\n<meta property=\"article:modified_time\" content=\"2022-05-06T19:00:04+00:00\" \/>\n<meta name=\"twitter:card\" content=\"summary_large_image\" \/>\n<meta name=\"twitter:label1\" content=\"Est. tempo de leitura\" \/>\n\t<meta name=\"twitter:data1\" content=\"1 minuto\" \/>\n<script type=\"application\/ld+json\" class=\"yoast-schema-graph\">{\"@context\":\"https:\/\/schema.org\",\"@graph\":[{\"@type\":\"WebPage\",\"@id\":\"https:\/\/www.institutoergos.com.br\/site\/quem-somos\/\",\"url\":\"https:\/\/www.institutoergos.com.br\/site\/quem-somos\/\",\"name\":\"Quem somos - Instituto Ergos\",\"isPartOf\":{\"@id\":\"https:\/\/www.institutoergos.com.br\/site\/#website\"},\"datePublished\":\"2018-04-16T11:50:09+00:00\",\"dateModified\":\"2022-05-06T19:00:04+00:00\",\"breadcrumb\":{\"@id\":\"https:\/\/www.institutoergos.com.br\/site\/quem-somos\/#breadcrumb\"},\"inLanguage\":\"pt-BR\",\"potentialAction\":[{\"@type\":\"ReadAction\",\"target\":[\"https:\/\/www.institutoergos.com.br\/site\/quem-somos\/\"]}]},{\"@type\":\"BreadcrumbList\",\"@id\":\"https:\/\/www.institutoergos.com.br\/site\/quem-somos\/#breadcrumb\",\"itemListElement\":[{\"@type\":\"ListItem\",\"position\":1,\"name\":\"In\u00edcio\",\"item\":\"https:\/\/www.institutoergos.com.br\/site\/\"},{\"@type\":\"ListItem\",\"position\":2,\"name\":\"Quem somos\"}]},{\"@type\":\"WebSite\",\"@id\":\"https:\/\/www.institutoergos.com.br\/site\/#website\",\"url\":\"https:\/\/www.institutoergos.com.br\/site\/\",\"name\":\"Instituto Ergos\",\"description\":\"Um novo jeito diferente de formar professor e gestores educacionais.\",\"publisher\":{\"@id\":\"https:\/\/www.institutoergos.com.br\/site\/#organization\"},\"potentialAction\":[{\"@type\":\"SearchAction\",\"target\":{\"@type\":\"EntryPoint\",\"urlTemplate\":\"https:\/\/www.institutoergos.com.br\/site\/?s={search_term_string}\"},\"query-input\":\"required name=search_term_string\"}],\"inLanguage\":\"pt-BR\"},{\"@type\":\"Organization\",\"@id\":\"https:\/\/www.institutoergos.com.br\/site\/#organization\",\"name\":\"Instituto Ergos\",\"url\":\"https:\/\/www.institutoergos.com.br\/site\/\",\"logo\":{\"@type\":\"ImageObject\",\"inLanguage\":\"pt-BR\",\"@id\":\"https:\/\/www.institutoergos.com.br\/site\/#\/schema\/logo\/image\/\",\"url\":\"http:\/\/www.institutoergos.com.br\/site\/wp-content\/uploads\/2022\/04\/logo-v-bg.jpg\",\"contentUrl\":\"http:\/\/www.institutoergos.com.br\/site\/wp-content\/uploads\/2022\/04\/logo-v-bg.jpg\",\"width\":960,\"height\":790,\"caption\":\"Instituto Ergos\"},\"image\":{\"@id\":\"https:\/\/www.institutoergos.com.br\/site\/#\/schema\/logo\/image\/\"},\"sameAs\":[\"https:\/\/www.facebook.com\/institutoergos\",\"https:\/\/www.instagram\/institutoergos\",\"https:\/\/www.youtube.com\/institutoergos\"]}]}<\/script>\n<!-- \/ Yoast SEO plugin. -->","yoast_head_json":{"title":"Quem somos - Instituto Ergos","robots":{"index":"index","follow":"follow","max-snippet":"max-snippet:-1","max-image-preview":"max-image-preview:large","max-video-preview":"max-video-preview:-1"},"canonical":"https:\/\/www.institutoergos.com.br\/site\/quem-somos\/","og_locale":"pt_BR","og_type":"article","og_title":"Quem somos - Instituto Ergos","og_description":"O Instituto tem por miss\u00e3o o desenvolvimento e implementa\u00e7\u00e3o de tr\u00eas pilares fundamentais, em parceria com redes de ensino p\u00fablicas e privadas: Gest\u00e3o escolar, com foco no alinhamento entre quest\u00f5es administrativas e pedag\u00f3gicas; Utiliza\u00e7\u00e3o de &#8220;Avalia\u00e7\u00f5es Diagn\u00f3sticas online&#8221; como instrumento de aperfei\u00e7oamento do processo de ensino e aprendizagem nas escolas; Promo\u00e7\u00e3o da sa\u00fade mental de &hellip; Continua","og_url":"https:\/\/www.institutoergos.com.br\/site\/quem-somos\/","og_site_name":"Instituto Ergos","article_publisher":"https:\/\/www.facebook.com\/institutoergos","article_modified_time":"2022-05-06T19:00:04+00:00","twitter_card":"summary_large_image","twitter_misc":{"Est. tempo de leitura":"1 minuto"},"schema":{"@context":"https:\/\/schema.org","@graph":[{"@type":"WebPage","@id":"https:\/\/www.institutoergos.com.br\/site\/quem-somos\/","url":"https:\/\/www.institutoergos.com.br\/site\/quem-somos\/","name":"Quem somos - Instituto Ergos","isPartOf":{"@id":"https:\/\/www.institutoergos.com.br\/site\/#website"},"datePublished":"2018-04-16T11:50:09+00:00","dateModified":"2022-05-06T19:00:04+00:00","breadcrumb":{"@id":"https:\/\/www.institutoergos.com.br\/site\/quem-somos\/#breadcrumb"},"inLanguage":"pt-BR","potentialAction":[{"@type":"ReadAction","target":["https:\/\/www.institutoergos.com.br\/site\/quem-somos\/"]}]},{"@type":"BreadcrumbList","@id":"https:\/\/www.institutoergos.com.br\/site\/quem-somos\/#breadcrumb","itemListElement":[{"@type":"ListItem","position":1,"name":"In\u00edcio","item":"https:\/\/www.institutoergos.com.br\/site\/"},{"@type":"ListItem","position":2,"name":"Quem somos"}]},{"@type":"WebSite","@id":"https:\/\/www.institutoergos.com.br\/site\/#website","url":"https:\/\/www.institutoergos.com.br\/site\/","name":"Instituto Ergos","description":"Um novo jeito diferente de formar professor e gestores educacionais.","publisher":{"@id":"https:\/\/www.institutoergos.com.br\/site\/#organization"},"potentialAction":[{"@type":"SearchAction","target":{"@type":"EntryPoint","urlTemplate":"https:\/\/www.institutoergos.com.br\/site\/?s={search_term_string}"},"query-input":"required name=search_term_string"}],"inLanguage":"pt-BR"},{"@type":"Organization","@id":"https:\/\/www.institutoergos.com.br\/site\/#organization","name":"Instituto Ergos","url":"https:\/\/www.institutoergos.com.br\/site\/","logo":{"@type":"ImageObject","inLanguage":"pt-BR","@id":"https:\/\/www.institutoergos.com.br\/site\/#\/schema\/logo\/image\/","url":"http:\/\/www.institutoergos.com.br\/site\/wp-content\/uploads\/2022\/04\/logo-v-bg.jpg","contentUrl":"http:\/\/www.institutoergos.com.br\/site\/wp-content\/uploads\/2022\/04\/logo-v-bg.jpg","width":960,"height":790,"caption":"Instituto Ergos"},"image":{"@id":"https:\/\/www.institutoergos.com.br\/site\/#\/schema\/logo\/image\/"},"sameAs":["https:\/\/www.facebook.com\/institutoergos","https:\/\/www.instagram\/institutoergos","https:\/\/www.youtube.com\/institutoergos"]}]}},"_links":{"self":[{"href":"https:\/\/www.institutoergos.com.br\/site\/wp-json\/wp\/v2\/pages\/13"}],"collection":[{"href":"https:\/\/www.institutoergos.com.br\/site\/wp-json\/wp\/v2\/pages"}],"about":[{"href":"https:\/\/www.institutoergos.com.br\/site\/wp-json\/wp\/v2\/types\/page"}],"author":[{"embeddable":true,"href":"https:\/\/www.institutoergos.com.br\/site\/wp-json\/wp\/v2\/users\/2"}],"replies":[{"embeddable":true,"href":"https:\/\/www.institutoergos.com.br\/site\/wp-json\/wp\/v2\/comments?post=13"}],"version-history":[{"count":7,"href":"https:\/\/www.institutoergos.com.br\/site\/wp-json\/wp\/v2\/pages\/13\/revisions"}],"predecessor-version":[{"id":238,"href":"https:\/\/www.institutoergos.com.br\/site\/wp-json\/wp\/v2\/pages\/13\/revisions\/238"}],"wp:attachment":[{"href":"https:\/\/www.institutoergos.com.br\/site\/wp-json\/wp\/v2\/media?parent=13"}],"curies":[{"name":"wp","href":"https:\/\/api.w.org\/{rel}","templated":true}]}}